- 16))?
12
Evaluate -10 - (-27 + 7) - 12 - -2.
0
Calculate 1 + 16 - 3 - 9.
5
Evaluate (-3 + 6 - 24) + 41.
20
1 + 8 - 10 - (7 + -8)
0
Calculate (-182 - -183) + 15 + -1 - 11.
4
What is the value of 1 - -7 - (18 + -41 + 29)?
2
What is 35 + (-2 - (-8 + 10)) + 3 + -11?
23
What is -4 - (-49 - (-7 + -15))?
23
Evaluate 1 + 0 - (-19 + (6 - -4)).
10
2 - -24 - (166 + -151)
11
What is the value of (-58 + 61 - (-2 + 4)) + -13 + 1?
-11
Calculate 42 - 8 - 14 - (-1 + (-2 - 2)).
25
210 - 209 - (-1 + 6) - 12
-16
Evaluate 35 + -15 + (-46 - -10).
-16
Calculate 15 - 9 - (4 + -2 - (8 - 0)).
12
Calculate (-8 + (-5 - -24) - -1) + -27.
-15
Evaluate 6 + (-8 - -6) - -4 - (20 + -14).
2
Calculate (33 - 30) + 8 + (2 - 34).
-21
Evaluate -27 - -2 - (-18 - -1).
-8
What is the value of -16 - (-31 + (24 - 13) + 14)?
-10
(1 - 2) + 16 - (-16 - (-32 + 14))
13
Calculate 2 + (9 + -1 - 7) - (-1 - -6).
-2
Evaluate -21 + (6 - -1) + 1 + 4.
-9
Calculate 0 + 0 + (21 - 18) - (-188 + 195).
-4
11 - (12 + (134 + -153 - (-10 + 1)))
9
Calculate -1 + 1 - ((6 - (-46 - -26)) + -16).
-10
What is the value of -7 - 3 - (18 + -14 + 6 - 13)?
-7
Evaluate -2 + -11 - -2 - -22 - -9.
20
Calculate (14 - 3) + -23 + 13 - 4.
-3
What is -4 + 17 - (2 - -11)?
0
Evaluate 33 + (-77 - (-26 - 15)).
-3
10 + -24 + (32 - 13)
5
-13 + 4 + (43 - 30)
4
What is the value of 2 - ((-8 - (-5 + 2)) + 19 - 0)?
-12
Evaluate -9 + (-2 - (9 + -6)) + (9 - 3).
-8
Calculate (-34 - -22) + 1 + -3 + 3 + 0.
-11
What is the value of 25 - 7 - -4 - 21?
1
What is the value of 15 - 15 - -13 - (0 - -23)?
-10
2 + 10 - (5 + -16 + 7)
16
Evaluate (-121 - -124) + -26 + -1.
-24
What is 8 - (39 - 18) - 4?
-17
(2 - -1) + -8 + -5 + 30 + 7
27
Calculate -1 - ((1 - (-2 - 6)) + 3 + 2).
-15
(39 - 27 - 20 - (1 + -6)) + 14
11
What is 1006 + -1032 - (-2 + -53)?
29
What is -4 + (3 + 0 - (-155 + 147))?
7
Calculate 9 + -9 + 2 + -22 + 20 + 13.
13
(0 - -1) + 4 + (-87 - -68)
-14
What is the value of (-4 - -3) + 1 + (-4 + 0 - -20)?
16
-7 + (2 - 1 - (-2 + 17 + -9))
-12
Evaluate -12 + (13 - (13 - 1)).
-11
-1 - (-10 + 1) - 13 - 12
-17
Calculate -1 + 43 + -29 + 1 + -17.
-3
What is the value of (-11 - (-16 + 4)) + 7 + -16 + 22?
14
2 + -6 + (37 - 45) + -2
-14
Evaluate -23 - (-13 + 9 + -8 - -2).
-13
What is -4 + -3 + -10 + 0 + (13 - 8)?
-12
Evaluate (15 - 2) + (-23 - -3 - -10).
3
-5 + -2 - ((1 - 7) + -1)
0
Evaluate (-2 + -32 - (-19 + 19)) + (0 - -10).
-24
What is the value of -7 - (-7 + 0 + 0)?
0
What is the value of -8 - -2 - (-1 - 3) - 3?
-5
Calculate -2 + -2 + (-5 - (11 + -9)).
-11
What is the value of -18 - -1 - (23 + 5 - 36)?
-9
Evaluate (-21 - -6 - 3) + 26.
8
What is the value of -43 - -50 - (-1 + 6) - 5?
-3
What is 21 - (27 + -9 + -25)?
28
Evaluate (-1 + 0 - (-28 + 57)) + 8.
-22
Evaluate (16 - -1) + (-47 - -8) + 37.
15
Calculate -4 + 13 + -33 + 20.
-4
What is (-2 - -14) + 3 + -22 + 8?
1
Evaluate 25 - ((23 + -11 - 4) + 3).
14
Calculate -26 + (9 - -23) - (26 - (-2 - 2)).
-24
What is the value of (4 - (-38 - -8)) + -18?
16
What is the value of -7 + -2 + -5 + 13 - 6?
-7
What is 11 + -18 - ((-1 - -4) + 0)?
-10
Evaluate -5 + ((-2 - -4) + -7 + 3 - -6).
-1
Evaluate 7 + -1 + (-358 - -373) + (-12 - -1).
10
Evaluate -22 + (2 + -1 - 3).
-24
-26 + (-19 - -28) + 13
-4
What is (18 - (24 + -19)) + -31 + -20?
-38
What is 131 + -124 - (2 - -6)?
-1
-2 + 40 + (-16 - -4)
26
What is (11 - (13 - -4)) + 14 + -23?
-15
Evaluate (-241 - -230) + (38 - 5).
22
10 - 0 - (-16 + 17)
9
What is the value of (-117 - -127) + (10 - (4 + -1))?
17
1 + -11 - (-13 + 0 - (644 + -635))
12
Calculate -1 + 3 - ((9 - 21) + 10 - -7).
-3
What is (-2 - (-3 - -5) - (1 + -7)) + -4?
-2
What is the value of -5 + (-8 - -8) + 15 + 2?
12
What is (-2 - (5 + (3 - (-8 + 6)))) + 1?
-11
What is the value of 4 - (-30 - (-44 + 36))?
26
Calculate 7 + (1 - (-6 - -12)) - -11.
13
6 + (-11 - -6) - (-13 + 2)
12
Calculate -18 + (-2 + 8 - 4 - (-17 - -15)).
-14
Calculate 14 + (-15 + 3 - (-24 + -2)).
28
What is -62 + 27 + 0 - -16?
-19
Evaluate -534 + 525 + 1 + -1 + -7.
-16
What is the value of 53 - 26 - (5 - 0)?
22
(-24 - -16) + 14 - -5
11
What is (24 - (38 + (-5 - 14))) + 2 + 0?
7
Evaluate -16 - (6 - (-22 - -23)).
-21
Evaluate 14 + (-30 - -8) - 3.
-11
What is -1045 + 1029 + (-3 - (-19 + 3))?
-3
What is 10 + -6 + 3 - 10?
-3
What is the value of (3 - -2) + -19 + 15?
1
What is the value of -5 + (6 + -5 - -4 - -4) + -8?
-4
(10 - (-4 + 3)) + -3 - (1 + -20)
27
Calculate -1 - 1 - (-64 - (70 + -131)).
1
What is -12 + 3 + 0 + (-1 - 3)?
-13
Evaluate -13 + (-14 - -20) + 1 + 15 + 1.
10
Calculate 6 + 14 + (11 - 18).
13
Calculate (7 - (11 - 8)) + 9 - -3.
16
Evaluate (-8 - -3) + (2 + -2 - 4).
-9
What is 0 + (-8 + -2 - -7) + 15 + 0?
12
Calculate (-5 - -30) + -32 + 1 + 15 + -1.
8
Evaluate 19 - 38 - (-7 + -27).
15
Calculate 25 + (-17 - 0) + 0.
8
What is 43 + -44 + (5 - (1 - -2)) - 10?
-9
What is 20 - -8 - 15 - (-1 - 6) - 8?
12
What is 10 + -1 + -12 + -3?
-6
What is the value of 2 - 14 - (-21 - -25) - -4?
-12
Evaluate (1 - -4) + -2 + 4 - (465 + -446).
-12
What is the value of (-1 - 5) + 6 + -2 + 5?
3
What is 2 + 8 + 2 + (8 - 13 - 13)?
-6
Calculate -20 - (-21 + 20 + -14).
-5
-6 + -1 + (4 - -1) + -3 - 12
-17
217 + -219 + -6 + -1
-9
Evaluate -38 + 51 - 41 - (11 - 1).
-38
3 - -5 - (8 + (-2 + -5 - -7))
0
What is -33 + (-4 - -22) + 17?
2
Evaluate (-9 - (0 - 11)) + 5 - 23.
-16
Calculate -20 + (-15 + 8 - -12) + 20.
5
Evaluate -17 - (-20 - -18 - 31).
16
0 - 2 - (96 + -105)
7
What is the value of -6 + (-9 + 4 - -8 - -1)?
-2
What is the value of -10 - (7 - (-11 + -1 - -11))?
-18
What is the value of 3 + -29 + 24 + 1 + 13?
12
What is 3 + (9 - (11 + -5)) + -6?
0
Calculate -12 - (-36 - (-11 + -3)).
10
4 + -11 - 0 - (-31 + 44)
-20
Calculate -17 + -17 - -13 - (-11 + 0).
-10
What is the value of 8 - ((30 - 21) + 5)?
-6
What is the value of (-5 - -15 - 18 - -13) + -11?
-6
What is (2 + 2 - 4) + -5 + -18 + 10?
-13
(-31 - -45) + -29 + -1
-16
What is the value of 27 + -24 + (-2 + -36 + 2 - -8)?
-25
Calculate -10 - (12 - (7 - 14 - -14)).
-15
What is 21 + (19 + -7 - 40)?
-7
Calculate -2 + (7 - (5 + -6 - 1)) - 26.
-19
Calculate -3989 + 3995 - (-5 - (0 + 3 + -1)).
13
Calculate 21 + -8 + -6 - (0 - -19).
-12
What is -3 - (-7 - (1 + -3) - 9) - 1?
10
What is the value of -7 + 17 + -7 - 6?
-3
What is the value of 2 - (-2 + -23 + 35)?
-8
33 - (0 + 24 + -8) - (5 - 0)
12
-10 + -2 + (104 - 104)
-12
Evaluate -6 - -2 - 2 - 0.
-6
-11 - ((14 - 53) + (12 - 3 - 3))
22
What is the value of (1 - (0 + 10 - 8)) + 15?
14
What is 2 - (1 + -10 + (11 - 6))?
6
Evaluate 10 + (1 - 0) + -11 - 17.
-17
What is the value of (10 - 9) + -15 + 11?
-3
What is the value of -17 - (15 + -51) - 12?
7
Evaluate -6 - -12 - (3 + -2 - -2).
3
10 - (4 - 2 - -14)
-6
What is the value of -12 - (3 + -9) - 1?
-7
What is (3 - 9) + 19 + -55 + 61?
19
What is the value of -31 - (-32 + -5 + 29)?
-23
Evaluate (-4 - (-27 - -10)) + -8.
5
Calculate -11 - (28 - -1 - 12).
-28
What is the value of 37 + 0 - (35 - (50 + -17))?
35
What is 9 + (11 - (-9 - -25))?
4
Calculate -6 - (0 + (-51 + 55 - (14 - 1))).
3
-15 - (-6 + -10 - 4 - (2 + -12))
-5
What is 9 + 0 + 0 + 16 + (-9 - 11)?
5
Evaluate 2 - -6 - 5 - -2.
5
What is (2 - 11) + -6 + (10 - (18 + -12))?
-11
Evaluate 42 + 72 + -31 + -52.
31
What is 5 - ((4 + -10 - -16) + -16)?
11
0 + 1 + (1 - (0 - (2 - 9)))
-5
Calculate -17 + (-5 - -2 - (-6 - -11)).
-25
What is the value of -15 + (-22 - -32) + -13?
-18
-10 - 1 - (58 + -52) - -10
-7
What is the value of (-7 - -16) + 2 + -6 + 0?
5
What is the value of 31 + (5 - (14 - -21))?
1
What is (20 - -15 - 34) + -26?
-25
What is the value of -41 - ((18 - 14) + (-11 - 3))?
-31
What is the value of 0 + -4 + (-1 - -7 - (165 + -150))?
-13
Evaluate 19 + 1 + -41 - -29.
8
What is the value of 21 + -18 - 1 - (0 - 19)?
21
Calculate 13 + (2 - (12 - -5)) + 13.
11
Calculate 11 + 17 + -25 + 6.
9
-20 + -2 + -2 + 10
-14
Evaluate 18 + ((10 - 9) + -2 - 3).
14
Evaluate (73 - 64) + 0 + -3 + 6.
12
Evaluate (1 - -8) + -7 + (-78 - -90).
14
Calculate 87 + -84 - (2 + -21).
22
What is 22 - (0 + -3 + 4 + -10 + 14)?
17
Evaluate 3 - -3 - (0 + -1 - 5).
12
Evaluate -3 - (-8 + -1) - 16.
-10
What is 30 + 9 + -32 + -17?
-10
What is the value of -13 + (-2 - 8) + (25 - 17)?
-15
What is the value of 0 + 4 - (77 + -79) - (4 + 0)?
2
76 - 68 - (-1 + 25)
-16
Calculate 4 - (9 - (17 - 21)).
-9
What is t